et h(m) = -m**3 - 9*m**2 - 8*m + 28. Determine h(-7).
-14
Let q(f) = 4*f - 5. Give q(9).
31
Let c(o) = 26*o**3 + 2*o**2 + o - 2. Give c(1).
27
Let t(y) = -24*y**2 + 123*y - 7. Determine t(5).
8
Let m(n) = -185*n + 192. Give m(1).
7
Let v(a) = -30*a**2. What is v(-1)?
-30
Let r(i) = i**2 + 3*i - 17. Give r(-5).
-7
Let l(m) = m + 17. What is l(-7)?
10
Let o(c) = -6*c**3 - 2*c**2 + 2*c. Determine o(-2).
36
Let p(f) = -f**3 - 13*f**2 + 14*f + 6. Calculate p(-14).
6
Let d(q) = 8*q - 6. What is d(0)?
-6
Let x(j) = 2*j**2 - 6*j - 44. Calculate x(8).
36
Let n(r) = r**3 - 7*r**2 - 2*r + 4. Determine n(4).
-52
Let k(u) = -u**2 + 4*u + 1. What is k(3)?
4
Let a(c) = -c**3 + c**2 + 2*c + 13. Calculate a(0).
13
Let v(n) = n**3 + 15*n**2 - 77*n - 29. Give v(-19).
-10
Let r(v) = -9*v + 2. Give r(2).
-16
Let g(v) = 4*v + 97. Give g(-24).
1
Let l(d) = 2*d**2 - 11*d + 2. What is l(6)?
8
Let a(o) = -3*o - 12. Calculate a(-6).
6
Let r(z) = z**2 + 90*z + 328. Calculate r(-86).
-16
Let k(q) = -q**2 + 3. Calculate k(-3).
-6
Let c(j) = -j**2 + 4*j - 7. Determine c(2).
-3
Let g(d) = d**2 - 13*d + 3. Give g(10).
-27
Let k(h) = h**3 - 4*h**2 - 21*h + 25. Determine k(6).
-29
Let l(k) = k**3 + 20*k**2 - 15*k + 125. What is l(-21)?
-1
Let y(s) = 5*s - 2. What is y(1)?
3
Let o(s) = 3*s**2 - 16*s - 12. Determine o(6).
0
Let z(j) = -j**2 - 19*j - 35. Give z(-17).
-1
Let v(u) = u**2 - 5*u. What is v(2)?
-6
Let b(u) = u**3 + 7*u**2 - 4*u + 4. Give b(-7).
32
Let h(o) = o**3 - 10*o**2 + 9*o - 4. What is h(9)?
-4
Let j(s) = -3*s - 33. Determine j(-29).
54
Let m(u) = u**2 - 6*u - 60. What is m(-5)?
-5
Let z(j) = j**3 + 5*j**2 + j - 2. Give z(-5).
-7
Let z(a) = a**2 + a + 17. Give z(6).
59
Let y(v) = v**2 - 2*v - 3. Determine y(-5).
32
Let p(v) = v**2 + v - 4. Calculate p(3).
8
Let j(u) = -6*u - 85. Give j(-9).
-31
Let j(b) = b**3 + 4*b**2 - 1. Calculate j(-4).
-1
Let m(j) = -2*j**2 - 12*j - 2. What is m(-6)?
-2
Let m(d) = -d**2 + 2*d + 4. Determine m(5).
-11
Let h(w) = w**2 + 7*w + 3. Calculate h(-5).
-7
Let j(i) = i**2 - 17*i + 59. Calculate j(14).
17
Let p(u) = -u**3 - 5*u**2 + 12*u + 29. Calculate p(-6).
-7
Let s(z) = 7*z + 11. Determine s(-3).
-10
Let z(c) = 18*c - 6. What is z(-3)?
-60
Let r(o) = 2*o**2 - 6*o - 14. What is r(-3)?
22
Let k(t) = t**3 + t**2 - 3*t - 3. Determine k(-3).
-12
Let w(c) = 9*c + 6. Calculate w(-2).
-12
Let i(r) = 3*r**3 + r**2 - 2*r + 3. Determine i(-3).
-63
Let p(k) = -k**2 - 14*k + 11. Determine p(-12).
35
Let l(a) = a**3 + 10*a**2 + 11*a + 27. Determine l(-9).
9
Let c(u) = -u + 17. Calculate c(8).
9
Let t(r) = -3*r - 1. Determine t(-6).
17
Let n(u) = -2*u**2 + 11*u - 5. Give n(4).
7
Let q(m) = -m + 17. What is q(6)?
11
Let j(p) = p**2 - 9*p - 8. What is j(9)?
-8
Let a(t) = t**3 - 8*t**2 + 8*t. Determine a(7).
7
Let h(r) = -r + 4. Calculate h(0).
4
Let d(c) = -2*c**3 + 2*c - 2. Determine d(1).
-2
Let z(q) = q + 10. Give z(-10).
0
Let l(d) = -d**3 + 6*d**2 - 5*d + 1. Determine l(4).
13
Let b(f) = f**2 - 14*f + 7. Give b(13).
-6
Let t(k) = -2*k**3 - 5*k**2 - 3*k. Determine t(-3).
18
Let j(g) = 3*g**3 + g**2 + 1. Determine j(-2).
-19
Let k(n) = n**3 - n**2 - n + 2. Give k(0).
2
Let p(h) = h**2 - 2*h + 4. What is p(6)?
28
Let v(h) = 5*h - 44. Calculate v(9).
1
Let m(z) = -5*z + 100. Calculate m(20).
0
Let x(m) = -m - 3. Calculate x(21).
-24
Let o(a) = -2*a**2 + 8*a + 5. Give o(6).
-19
Let h(p) = -24*p - 37. Calculate h(0).
-37
Let s(k) = 16*k - 19. Determine s(0).
-19
Let m(p) = -p**3 + 7*p**2 + 17*p + 12. Give m(9).
3
Let f(k) = -k**3 - 13*k**2 - 16*k - 9. Determine f(-11).
-75
Let z(j) = 12*j + 25. Calculate z(-4).
-23
Let j(u) = -u**3 + 5*u**2 + u - 3. Give j(4).
17
Let v(q) = 3*q - 4. What is v(0)?
-4
Let q(w) = w**2 + 15*w + 19. Calculate q(-15).
19
Let v(i) = 35*i**2 + 70*i - 4. What is v(-2)?
-4
Let h(c) = 8*c - 20. Give h(0).
-20
Let z(k) = 14*k**3 + k**2 + 2*k + 1. What is z(-1)?
-14
Let r(f) = 21*f + 13. Give r(-4).
-71
Let u(f) = -f**2 - 10*f - 1. Calculate u(-10).
-1
Let f(y) = y**3 - 4*y**2 - 2*y - 8. What is f(5)?
7
Let d(o) = o**3 + o**2 - 20. What is d(0)?
-20
Let l(h) = -h**2 - 6*h + 16. What is l(-9)?
-11
Let y(h) = h**3 - 9*h**2 + 6*h. Give y(8).
-16
Let r(g) = -g**2 + 9*g + 2. Calculate r(10).
-8
Let d(a) = -a**3 - 6*a**2 - 5. Determine d(-3).
-32
Let k(i) = 3*i + 43. Calculate k(-14).
1
Let t(i) = -i - 32. What is t(12)?
-44
Let f(a) = a**3 + 3*a**2 + 2*a + 3. Determine f(-2).
3
Let c(i) = 11*i + 12. Calculate c(-5).
-43
Let k(t) = -23*t + 310. What is k(13)?
11
Let r(y) = -2*y**3 + 17*y**2 - 13*y + 21. Calculate r(8).
-19
Let g(a) = a**2 - 27*a - 52. Calculate g(29).
6
Let x(p) = -p**3 + 7*p**2 + 4*p - 38. Determine x(7).
-10
Let j(k) = -76*k + 243. Determine j(3).
15
Let w(i) = -i**2 - 14*i + 1. What is w(-14)?
1
Let z(u) = -u**2 + 7*u - 21. Determine z(9).
-39
Let y(d) = d**2 - 2*d - 22. Calculate y(6).
2
Let p(m) = 5*m**2 + 4*m + 3. Calculate p(-2).
15
Let f(p) = p**3 + 10*p**2 - p - 1. What is f(-10)?
9
Let p(u) = u**3 - 4*u**2 + u - 1. Determine p(2).
-7
Let s(b) = -2*b**2 + 48*b - 82. Calculate s(22).
6
Let m(u) = 49*u**3 - 2*u**2 - 2*u. Calculate m(-1).
-49
Let j(b) = -b**2 + 9*b - 4. Determine j(-3).
-40
Let y(u) = u**2 - 6*u - 3. Determine y(5).
-8
Let p(i) = 2*i + 21. Calculate p(-12).
-3
Let u(a) = a**3 - a**2 - 4*a + 5. Determine u(2).
1
Let x(r) = 4*r**2 + 8*r - 4. What is x(-4)?
28
Let o(t) = 2*t + 17. Give o(-8).
1
Let y(s) = s**2 - 21*s + 57. What is y(3)?
3
Let k(u) = u**3 - 13*u**2 - 30*u - 3. Calculate k(15).
-3
Let t(z) = z**3 - 13*z**2 + 46*z - 24. Determine t(6).
0
Let f(w) = w**3 + 7*w**2 + 6*w + 3. Give f(-6).
3
Let c(q) = -q + 9. Calculate c(16).
-7
Let x(u) = -u**3 - 12*u**2 - 15*u - 45. Calculate x(-11).
-1
Let g(o) = o**3 + 9*o**2 - 21*o + 11. What is g(-11)?
0
Let t(h) = -4*h + 5. Determine t(-17).
73
Let t(a) = -a**2 + 2*a + 56. Give t(0).
56
Let l(k) = -k**3 - 51*k**2 + 9*k + 464. Calculate l(-51).
5
Let o(c) = 2*c**2 - 2. What is o(-2)?
6
Let i(v) = 7*v + 7. Give i(4).
35
Let u(i) = -i**3 - 12*i**2 + 18*i - 1. Give u(-13).
-66
Let b(v) = -35*v + 742. Calculate b(21).
7
Let i(z) = -26*z - 11. Give i(5).
-141
Let d(m) = -3*m - 114. Determine d(-34).
-12
Let r(x) = x**2 - 20*x - 29. Give r(23).
40
Let c(b) = b**3 + 14*b**2 - 15*b - 9. Calculate c(-15).
-9
Let t(i) = 16*i - 244. What is t(16)?
12
Let i(d) = d**3 + 20*d**2 - 24*d - 67. What is i(-21)?
-4
Let u(s) = 3*s**2 - 10*s - 9. Calculate u(4).
-1
Let v(o) = 2*o**2 + 15*o - 14. Calculate v(-11).
63
Let t(l) = -7*l**2. Determine t(2).
-28
Let x(q) = -q**3 - 22*q**2 + q + 6. Calculate x(-22).
-16
Let s(t) = -t**3 - 6*t**2 + t + 12. Determine s(-6).
6
Let b(l) = 57*l - 399. What is b(7)?
0
Let a(d) = d**3 + 12*d**2 + 7*d - 8. Calculate a(-11).
36
Let p(j) = j**3 + j + 18. Determine p(0).
18
Let h(l) = 6*l + 21. Determine h(-6).
-15
Let k(d) = 6*d + 67. What is k(-12)?
-5
Let w(y) = -2*y + 13. What is w(7)?
-1
Let c(u) = -4*u + 2. Determine c(1).
-2
Let j(w) = 2*w**3 - 39*w**2 + 20*w - 12. Determine j(19).
7
Let i(n) = -17*n + 10. Give i(-5).
95
Let k(p) = -341*p + 1704. Give k(5).
-1
Let g(q) = 27*q - 3. Give g(-1).
-30
Let w(b) = b**3 - 2*b**2 - 3*b + 7. Give w(4).
27
Let q(k) = -8*k**2 - 3*k. What is q(-3)?
-63
Let o(x) = -x**3 - 12*x**2 - 35*x + 18. Calculate o(-5).
18
Let m(q) = -q + 2. Determine m(-10).
12
Let j(h) = 4*h**2 - 6*h - 12. Determine j(-4).
76
Let z(l) = -l**3 - l**2 + 18*l - 11. What is z(-5)?
-1
Let n(s) = -s**2 - s - 2. Give n(3).
-14
Let n(c) = c**2 - 14*c + 31. Give n(8).
-17
Let i(m) = m**2 + 3*m + 4. Determine i(-4).
8
Let s(g) = g**3 + 5*g**2 - 13*g + 9. What is s(-7)?
2
Let b(o) = o**3 + 13*o**2 + 7*o + 6. Give b(-12).
66
Let j(b) = -52*b - 1. What is j(-1)?
51
Let n(k) = -2*k**2 - 26*k - 11. Give n(-12).
13
Let d(r) = r**2 - 3*r - 23. Calculate d(10).
47
Let o(j) = -14*j + 9. What is o(-4)?
65
Let z(o) = -o**3 + 7*o**2. Determine z(2).
20
Let k(x) = x**2 - 6*x + 14. What is k(4)?
6
Let k(i) = 9*i + 201. What is k(-23)?
-6
Let b(g) = g**2 - 11*g - 7. Calculate b(8).
-31
Let l(x) = -2*x**2 + 15. Give l(0).
15
Let o(p) = 5*p - 58. Determine o(11).
-3
Let r(y) = y**3 - 26*y**2 + 46*y + 46. Calculate r(24).
-2
Let u(j) = 2*j**2 - 4*j - 5. Determine u(4).
11
Let a(f) = -f**3 - 7*f**2 - 11*f - 12. Determine a(-6).
18
Let a(t) = t*